5
What is the hundreds digit of 541?
5
What is the thousands digit of 4863?
4
What is the thousands digit of 24215?
4
What is the units digit of 853?
3
What is the tens digit of 7130?
3
What is the units digit of 95?
5
What is the ten thousands digit of 26343?
2
What is the tens digit of 4059?
5
What is the units digit of 11509?
9
What is the tens digit of 9625?
2
What is the units digit of 288?
8
What is the hundreds digit of 1198?
1
What is the hundreds digit of 19676?
6
What is the ten thousands digit of 26083?
2
What is the ten thousands digit of 45136?
4
What is the units digit of 5209?
9
What is the hundreds digit of 9467?
4
What is the thousands digit of 8625?
8
What is the tens digit of 3268?
6
What is the hundreds digit of 3799?
7
What is the thousands digit of 1836?
1
What is the hundreds digit of 155?
1
What is the units digit of 385?
5
What is the units digit of 1513?
3
What is the thousands digit of 64503?
4
What is the units digit of 1291?
1
What is the tens digit of 12562?
6
What is the units digit of 36286?
6
What is the hundreds digit of 1217?
2
What is the tens digit of 1743?
4
What is the ten thousands digit of 34590?
3
What is the ten thousands digit of 36759?
3
What is the thousands digit of 73625?
3
What is the thousands digit of 2772?
2
What is the hundreds digit of 2065?
0
What is the units digit of 1296?
6
What is the tens digit of 76506?
0
What is the tens digit of 14610?
1
What is the tens digit of 72302?
0
What is the units digit of 59598?
8
What is the tens digit of 327?
2
What is the units digit of 516?
6
What is the tens digit of 51957?
5
What is the units digit of 1339?
9
What is the hundreds digit of 9933?
9
What is the tens digit of 38640?
4
What is the hundreds digit of 2544?
5
What is the units digit of 24193?
3
What is the units digit of 21997?
7
What is the ten thousands digit of 50728?
5
What is the units digit of 13269?
9
What is the units digit of 589?
9
What is the tens digit of 10149?
4
What is the hundreds digit of 2951?
9
What is the hundreds digit of 16596?
5
What is the thousands digit of 12015?
2
What is the ten thousands digit of 12479?
1
What is the hundreds digit of 7916?
9
What is the ten thousands digit of 17633?
1
What is the thousands digit of 1692?
1
What is the thousands digit of 1932?
1
What is the tens digit of 10574?
7
What is the hundreds digit of 7871?
8
What is the hundreds digit of 828?
8
What is the tens digit of 7689?
8
What is the units digit of 9218?
8
What is the tens digit of 539?
3
What is the tens digit of 24047?
4
What is the tens digit of 125331?
3
What is the thousands digit of 3442?
3
What is the thousands digit of 1127?
1
What is the units digit of 40739?
9
What is the tens digit of 4161?
6
What is the hundreds digit of 128775?
7
What is the tens digit of 9533?
3
What is the thousands digit of 6135?
6
What is the hundreds digit of 748?
7
What is the tens digit of 11790?
9
What is the hundreds digit of 20643?
6
What is the hundreds digit of 1558?
5
What is the thousands digit of 5675?
5
What is the units digit of 106002?
2
What is the tens digit of 42194?
9
What is the tens digit of 551?
5
What is the tens digit of 9350?
5
What is the tens digit of 8455?
5
What is the units digit of 8984?
4
What is the hundreds digit of 14454?
4
What is the hundreds digit of 302?
3
What is the thousands digit of 46593?
6
What is the units digit of 836?
6
What is the tens digit of 7869?
6
What is the hundreds digit of 6155?
1
What is the thousands digit of 77883?
7
What is the thousands digit of 8473?
8
What is the thousands digit of 46277?
6
What is the thousands digit of 79056?
9
What is the thousands digit of 13799?
3
What is the ten thousands digit of 31448?
3
What is the hundreds digit of 8943?
9
What is the hundreds digit of 46186?
1
What is the hundreds digit of 20091?
0
What is the ten thousands digit of 38082?
3
What is the tens digit of 26262?
6
What is the thousands digit of 9334?
9
What is the hundreds digit of 153203?
2
What is the ten thousands digit of 10929?
1
What is the hundreds digit of 239?
2
What is the tens digit of 31033?
3
What is the hundreds digit of 9349?
3
What is the tens digit of 728?
2
What is the hundreds digit of 3008?
0
What is the hundreds digit of 2182?
1
What is the thousands digit of 2318?
2
What is the thousands digit of 1718?
1
What is the tens digit of 701?
0
What is the hundred thousands digit of 132713?
1
What is the thousands digit of 2438?
2
What is the thousands digit of 1440?
1
What is the units digit of 26226?
6
What is the ten thousands digit of 56675?
5
What is the tens digit of 13950?
5
What is the units digit of 2417?
7
What is the thousands digit of 25423?
5
What is the tens digit of 1975?
7
What is the thousands digit of 29001?
9
What is the thousands digit of 3882?
3
What is the thousands digit of 72351?
2
What is the units digit of 56574?
4
What is the tens digit of 301?
0
What is the hundreds digit of 3625?
6
What is the tens digit of 2321?
2
What is the units digit of 2226?
6
What is the hundreds digit of 2965?
9
What is the thousands digit of 1977?
1
What is the thousands digit of 1327?
1
What is the units digit of 462?
2
What is the thousands digit of 20216?
0
What is the units digit of 5936?
6
What is the thousands digit of 5339?
5
What is the tens digit of 1189?
8
What is the tens digit of 1085?
8
What is the tens digit of 2582?
8
What is the thousands digit of 55711?
5
What is the hundreds digit of 32073?
0
What is the tens digit of 526?
2
What is the thousands digit of 19317?
9
What is the units digit of 135125?
5
What is the units digit of 10587?
7
What is the hundreds digit of 15122?
1
What is the tens digit of 794?
9
What is the hundreds digit of 33160?
1
What is the units digit of 1463?
3
What is the units digit of 31385?
5
What is the tens digit of 783?
8
What is the hundreds digit of 3474?
4
What is the tens digit of 302?
0
What is the hundreds digit of 1616?
6
What is the hundreds digit of 1554?
5
What is the thousands digit of 1885?
1
What is the units digit of 3942?
2
What is the units digit of 820?
0
What is the tens digit of 2933?
3
What is the thousands digit of 1578?
1
What is the tens digit of 56021?
2
What is the hundreds digit of 4933?
9
What is the hundreds digit of 6365?
3
What is the thousands digit of 41847?
1
What is the tens digit of 681?
8
What is the ten thousands digit of 45824?
4
What is the units digit of 173?
3
What is the hundreds digit of 6693?
6
What is the units digit of 865?
5
What is the ten thousands digit of 28436?
2
What is the units digit of 719?
9
What is the thousands digit of 3683?
3
What is the thousands digit of 73168?
3
What is the units digit of 775?
5
What is the thousands digit of 10898?
0
What is the tens digit of 698?
9
What is the tens digit of 10438?
3
What is the units digit of 6686?
6
What is the units digit of 1582?
2
What is the hundreds digit of 63972?
9
What is the tens digit of 54876?
7
What is the tens digit of 1194?
9
What is the thousands digit of 2963?
2
What is the hundreds digit of 4083?
0
What is the hundreds digit of 60885?
8
What is the thousands digit of 1529?
1
What is the tens digit of 822?
2
What is the hundreds digit of 3256?
2
What is the hundreds digit of 86345?
3
What is the thousands digit of 6371?
6
What is the hundreds digit of 938?
9
What is the units digit of 6781?
1
What is the hundreds digit of 6733?
7
What is the tens digit of 10250?
5
What is the units digit of 48037?
7
What is the tens digit of 1395?
9
What is the thousands digit of 2877?
2
What is the hundreds digit of 6867?
8
What is the hundreds digit of 994?
9
What is the units digit of 95591?
1
What is the thousands digit of 10273?
0
What is the hundreds digit of 2387?
3
What is the tens digit of 1282?
8
What is the tens digit of 31230?
3
What is the tens digit of 25520?
2
What is the units digit of 2674?
4
What is the units digit of 19141?
1
What is the units digit of 9390?
0
What is the hundreds digit of 33484?
4
What is the tens digit of 11747?
4
What is the thousands digit of 10487?
0
What is the tens digit of 1567?
6
What is the units digit of 463?
3
What is the tens digit of 27445?
4
What is the tens digit of 51539?
3
What is the thousands digit of 1752?
1
What is the thousa